 7*a**2 - 8*a + 7. Let m be z(8). What is the greatest common divisor of m and v?
7
Suppose y - 9 + 2 = 0. Let h(f) = f - 6. Let t be h(y). Suppose 34 = 4*j - 2*p, 4 - t = p. What is the greatest common factor of 25 and j?
5
Suppose x - z - z - 35 = 0, 5*x - 131 = -z. Calculate the greatest common divisor of x and 9.
9
Suppose 0 = 5*p - 183 - 172. Let y = p + -43. Calculate the greatest common divisor of y and 196.
28
Let k be (-108)/(-8) + 9/(-6). Calculate the highest common divisor of k and 78.
6
Suppose -2*k = k - 12. Let j = -2 + 4. Calculate the greatest common divisor of k and j.
2
Let g = -5 - -4. Let t = g - -15. What is the greatest common factor of t and 14?
14
Let j = -214 - -389. Calculate the greatest common factor of j and 70.
35
Suppose 4*f + 12 - 16 = 0. Let q(a) = -a**3 - a**2 - a + 11. Let x be q(0). Calculate the highest common factor of f and x.
1
Let i be ((-4)/(-10))/((-6)/(-120)). Suppose v = i + 10. Calculate the greatest common factor of v and 12.
6
Let f be (-81)/(-1) + 8/(-2). What is the greatest common divisor of 11 and f?
11
Let q(k) = -k**2 - 31*k - 83. Let u be q(-28). What is the greatest common factor of 13 and u?
1
Let l(q) = -q**3 + 8*q**2 - 7*q + 2. Let n be l(7). Suppose 140 = 4*r + 4*p, n*r - 175 = -3*r + 2*p. What is the greatest common factor of 7 and r?
7
Let j be (-110)/(-7) - (-4)/14. Suppose 12*z - 2*z - 40 = 0. What is the highest common factor of j and z?
4
Let g(h) = h**2 + 8*h - 20. Let o be g(-18). Calculate the highest common factor of 40 and o.
40
Let q(t) = 2*t - 9. Let m be q(7). Suppose m*y = -0 + 65. What is the highest common divisor of y and 26?
13
Let s(i) = -2*i + 6*i - 5*i - 1. Let p be s(-6). What is the highest common divisor of 1 and p?
1
Let q(h) = h**3 - 9*h**2 + 6*h - 8. Let x be q(10). What is the highest common divisor of 38 and x?
38
Let s(z) = -z**2 - z - 2. Let m be s(0). Let x be (0 + m)/(14/(-91)). Calculate the highest common divisor of x and 65.
13
Let d be (-21)/6*(1 - -13). Let v = d - -71. What is the highest common divisor of v and 176?
22
Let l = 91 + -53. What is the highest common factor of l and 95?
19
Let k = 59 - 24. Let a be (-1)/(-1*1/7). What is the highest common divisor of k and a?
7
Let c = 620 - 334. What is the highest common factor of 26 and c?
26
Let u be 1*(-6 + 1)/(-1). Suppose -l + u = 0, -3*l + 36 = 4*y + l. Suppose 0*a = a - 2*f - 21, -8 = y*f. What is the highest common divisor of 187 and a?
17
Let j be ((-32)/(-10))/(2/30). Suppose 4*w = 5*d - 72, -4*w = 5*d - 2*d - 24. Calculate the greatest common divisor of j and d.
12
Let o = 6 + -5. Calculate the highest common factor of o and 5.
1
Suppose s = 5*z + 26, -9*s - 2*z = -14*s + 38. Suppose 132 = -2*r + 4*r. Calculate the greatest common factor of r and s.
6
Let m be 63/6*20/15. Suppose 0 = -5*f + 4*f + m. What is the greatest common divisor of f and 28?
14
Let t be (-1)/2*4 + 299. What is the greatest common divisor of t and 27?
27
Let r(t) = 4*t**2 - 4*t - 2. Let k be r(2). Calculate the greatest common factor of k and 54.
6
Let x(y) = -y**2 - 14*y + 15. Let q be x(-9). What is the highest common divisor of 90 and q?
30
Let p = 425 + -293. Calculate the highest common divisor of p and 12.
12
Suppose 2*b - 16 = -4*v - 0*b, -5*b = -2*v + 20. Suppose z - j - 9 = 0, v*z + 0*j = -4*j + 27. Let u = 85 - 57. What is the greatest common divisor of z and u?
7
Suppose 3*y = 7 - 1, 4*y = 3*g - 10. Let l(c) = g*c**2 - 7*c - 5*c**2 + 3*c - 3. Let v be l(9). What is the highest common factor of 6 and v?
6
Let o(j) = 7*j. Let s be o(1). What is the greatest common divisor of s and 7?
7
Let d(y) = -2*y + 6. Let c be d(7). Let w = -6 - c. Suppose 27 = g + w*g. What is the highest common divisor of 3 and g?
3
Let y = 15 - -1. Let n = -64 - -208. Calculate the greatest common divisor of n and y.
16
Suppose 6*a = 2*a. Suppose -2*o - 3 + 26 = 3*v, a = -o + 4*v + 6. Let p be -50*(2 + 3/(-1)). What is the greatest common divisor of p and o?
10
Suppose 2*h - 16 = -3*w, 4*h = -4*w + 5 + 27. What is the greatest common factor of h and 24?
8
Suppose t + 2*t + o = 35, 25 = t + 3*o. What is the highest common factor of 20 and t?
10
Suppose 20 = -2*u + 3*u. Suppose 17 = -v - 0*v - 4*m, 0 = 4*m + u. Suppose v*c + 1 - 28 = 0. Calculate the greatest common divisor of c and 1.
1
Let w(r) = r - 1. Let j(k) = 7*k - 5. Let o(f) = -j(f) + 4*w(f). Let q be o(-3). Calculate the highest common divisor of 1 and q.
1
Let t be 128/7 - 16/56. Calculate the highest common divisor of t and 27.
9
Let d = -41 + 71. What is the highest common divisor of d and 10?
10
Let q be (1/(-2))/(7/(-70)). Suppose p + 5 = -0, q*l - p = 110. Suppose 2*j - 5*v = 23, -5*j + 66 = -2*v - 2*v. What is the greatest common divisor of j and l?
7
Let n = -3 + 19. Suppose 2*y = -3*a + 2*a + 10, -8 = -3*y + 2*a. Suppose -2*r - 49 = 2*u - 337, -2*r = y*u - 288. What is the greatest common factor of n and r?
16
Suppose 0*n = 2*n - 392. What is the highest common factor of n and 28?
28
Suppose -z - 33 = -3*v - 0*z, 5*v + 5*z - 75 = 0. Let i = v + 44. Calculate the highest common factor of 7 and i.
7
Suppose -2*r - 97 = -3*t, -3*r - 180 + 57 = 3*t. Let z = r + 63. Calculate the greatest common divisor of z and 95.
19
Suppose -a - 1 = 1, -a + 52 = 2*q. Calculate the highest common factor of 81 and q.
27
Let g(n) = -n**3 + 4*n**2. Let i be g(4). Let j be 10 - i*1/1. What is the highest common factor of j and 25?
5
Let a(d) = -d. Let i(k) = 1. Let b(m) = a(m) - i(m). Let c be b(-8). Calculate the greatest common divisor of 7 and c.
7
Let s(k) = 6*k + 2. Let l be 6 + -7 + 2/(-2). Let o be s(l). Let f = o - -19. What is the highest common divisor of f and 45?
9
Suppose 14 = 4*d + 2*k, 1 = -5*k + 6. Let g be 45 - (6/d + 1). What is the greatest common factor of 7 and g?
7
Let v be 1 - -13 - (1 + -3). Let s be v/3 + 2/3. Calculate the highest common divisor of s and 24.
6
Let u(n) = -5*n - 6. Let s be u(-2). Suppose -45 = -s*a + 27. What is the highest common factor of a and 180?
18
Let d be 6 - (1 - 1)/((-3)/(-3)). Calculate the highest common divisor of d and 18.
6
Let w(p) = -p**3 + 14. Let m be w(0). What is the greatest common divisor of 112 and m?
14
Let a = 16 - 11. Suppose -4*q = -2*z - 12, q - 19 = -5*z - a. Suppose -q*i = -19 - 5. What is the greatest common divisor of 18 and i?
6
Let d = 71 - 47. Let i be (0 + 3 - 0) + 13. Calculate the highest common divisor of d and i.
8
Suppose 4*f = 4*a - 40, -4*a + f + 10 = 3*f. What is the greatest common factor of 55 and a?
5
Suppose 2*v + 5*n = 7*v - 390, -n = -2*v + 158. Suppose -3*p + v = -p. Calculate the highest common divisor of p and 16.
8
Let z be 4/((-8)/(-402))*1. Let y = -141 + z. What is the greatest common divisor of y and 24?
12
Let o be 52*((-44)/16 + 3). Let j be ((-9)/(-6))/(6/8). Suppose -j*i + o = 3. Calculate the highest common divisor of i and 25.
5
Suppose 5*i + 4*a = 174, 3*a - 7*a = 2*i - 60. Let q be 57 - 0*2/4. Calculate the greatest common factor of i and q.
19
Let a = -106 - -130. Calculate the highest common divisor of a and 2.
2
Suppose -25 = -4*l + 5*b + 2, -l - b + 18 = 0. Calculate the greatest common divisor of 26 and l.
13
Let k(f) = f**3 - 8*f**2 + 9*f - 10. Let q be k(7). Let i(d) = 2*d + 2. Let y be i(q). Let o be (-2 + y/4)*12. What is the greatest common factor of o and 30?
6
Suppose -4*q + 1536 = 384. What is the greatest common factor of 9 and q?
9
Let g = 20 - 13. Let n be -12*(2*(-14)/(-4))/(-3). What is the greatest common divisor of g and n?
7
Suppose 0 = -4*d + 2*d + 6. Suppose -19 = -3*y + 5*j + 7, -d*y - 5*j - 14 = 0. What is the highest common divisor of 1 and y?
1
Let v be (-10 + 2)*1 + 2. Let h be 3*(4/v + 1). Let a = 3 - h. Calculate the highest common divisor of a and 14.
2
Suppose -x + 3*v = 3*x - 87, 3*x + 4*v = 84. Calculate the greatest common factor of 12 and x.
12
Let f = -6 - -23. What is the highest common divisor of 68 and f?
17
Let y(j) = j - 4. Let g = 17 - 26. Let l = g - -16. Let r be y(l). What is the greatest common factor of 12 and r?
3
Suppose -5*h - 2 = -6*h. What is the greatest common divisor of h and 3?
1
Suppose 0 = -a + 4*g - 9*g + 102, -g = -a + 90. Suppose -a = -b - 1. Suppose -f = 3*d - 41, 0*d - 2*f - 9 = -d. What is the highest common d